 remainder when 40191 is divided by 33?
30
What is the remainder when 271 is divided by 68?
67
Calculate the remainder when 20 is divided by 12.
8
Calculate the remainder when 526 is divided by 20.
6
What is the remainder when 806 is divided by 83?
59
What is the remainder when 203 is divided by 15?
8
What is the remainder when 81 is divided by 4?
1
What is the remainder when 209 is divided by 62?
23
What is the remainder when 695 is divided by 180?
155
What is the remainder when 90 is divided by 25?
15
Calculate the remainder when 464 is divided by 240.
224
Calculate the remainder when 1681 is divided by 58.
57
What is the remainder when 537 is divided by 9?
6
What is the remainder when 1928 is divided by 46?
42
Calculate the remainder when 548 is divided by 210.
128
Calculate the remainder when 99 is divided by 31.
6
Calculate the remainder when 80 is divided by 21.
17
Calculate the remainder when 152 is divided by 77.
75
Calculate the remainder when 770 is divided by 385.
0
Calculate the remainder when 2640 is divided by 189.
183
Calculate the remainder when 42962 is divided by 279.
275
Calculate the remainder when 462 is divided by 24.
6
What is the remainder when 110 is divided by 29?
23
Calculate the remainder when 24816 is divided by 83.
82
Calculate the remainder when 22 is divided by 15.
7
What is the remainder when 27683 is divided by 49?
47
Calculate the remainder when 880 is divided by 28.
12
What is the remainder when 262 is divided by 108?
46
Calculate the remainder when 431 is divided by 48.
47
What is the remainder when 411 is divided by 23?
20
What is the remainder when 152 is divided by 10?
2
What is the remainder when 281 is divided by 26?
21
What is the remainder when 251 is divided by 42?
41
What is the remainder when 760 is divided by 127?
125
Calculate the remainder when 24 is divided by 22.
2
Calculate the remainder when 1460 is divided by 104.
4
What is the remainder when 273 is divided by 46?
43
What is the remainder when 67 is divided by 29?
9
What is the remainder when 24788 is divided by 67?
65
What is the remainder when 3818 is divided by 1900?
18
Calculate the remainder when 102 is divided by 53.
49
Calculate the remainder when 1320 is divided by 99.
33
What is the remainder when 7917 is divided by 72?
69
Calculate the remainder when 262 is divided by 53.
50
Calculate the remainder when 253 is divided by 19.
6
Calculate the remainder when 179 is divided by 41.
15
What is the remainder when 1730 is divided by 14?
8
What is the remainder when 10399 is divided by 14?
11
Calculate the remainder when 1545 is divided by 514.
3
What is the remainder when 249 is divided by 93?
63
What is the remainder when 4439 is divided by 8?
7
Calculate the remainder when 100 is divided by 21.
16
Calculate the remainder when 43 is divided by 4.
3
Calculate the remainder when 795 is divided by 262.
9
What is the remainder when 407 is divided by 12?
11
What is the remainder when 365 is divided by 353?
12
What is the remainder when 610 is divided by 159?
133
What is the remainder when 3611 is divided by 12?
11
Calculate the remainder when 268 is divided by 27.
25
What is the remainder when 436 is divided by 114?
94
What is the remainder when 2000 is divided by 17?
11
Calculate the remainder when 1134 is divided by 16.
14
Calculate the remainder when 32559 is divided by 80.
79
What is the remainder when 52 is divided by 28?
24
What is the remainder when 19 is divided by 2?
1
What is the remainder when 105 is divided by 33?
6
Calculate the remainder when 1013 is divided by 146.
137
What is the remainder when 538 is divided by 263?
12
What is the remainder when 244 is divided by 38?
16
Calculate the remainder when 3361 is divided by 19.
17
What is the remainder when 1641 is divided by 12?
9
Calculate the remainder when 3849 is divided by 39.
27
What is the remainder when 201 is divided by 75?
51
What is the remainder when 18006 is divided by 11?
10
Calculate the remainder when 6 is divided by 4.
2
Calculate the remainder when 21294 is divided by 30.
24
What is the remainder when 462 is divided by 295?
167
What is the remainder when 62 is divided by 18?
8
What is the remainder when 24 is divided by 3?
0
What is the remainder when 115 is divided by 61?
54
Calculate the remainder when 838 is divided by 14.
12
Calculate the remainder when 813 is divided by 34.
31
Calculate the remainder when 35295 is divided by 53.
50
Calculate the remainder when 361 is divided by 26.
23
What is the remainder when 16758 is divided by 40?
38
What is the remainder when 294 is divided by 50?
44
What is the remainder when 25 is divided by 6?
1
What is the remainder when 276 is divided by 172?
104
What is the remainder when 442 is divided by 160?
122
Calculate the remainder when 109 is divided by 15.
4
Calculate the remainder when 209 is divided by 70.
69
What is the remainder when 189 is divided by 97?
92
What is the remainder when 153 is divided by 50?
3
What is the remainder when 1073 is divided by 20?
13
What is the remainder when 55 is divided by 36?
19
What is the remainder when 681 is divided by 18?
15
Calculate the remainder when 41830 is divided by 12.
10
Calculate the remainder when 3666 is divided by 193.
192
Calculate the remainder when 117 is divided by 8.
5
Calculate the remainder when 131 is divided by 41.
8
Calculate the remainder when 359 is divided by 36.
35
Calculate the remainder when 85 is divided by 36.
13
Calculate the remainder when 65 is divided by 14.
9
Calculate the remainder when 43560 is divided by 343.
342
Calculate the remainder when 2663 is divided by 74.
73
What is the remainder when 777 is divided by 130?
127
Calculate the remainder when 599 is divided by 64.
23
Calculate the remainder when 909 is divided by 33.
18
What is the remainder when 229 is divided by 138?
91
Calculate the remainder when 2467 is divided by 143.
36
What is the remainder when 1702 is divided by 95?
87
What is the remainder when 314 is divided by 113?
88
Calculate the remainder when 82 is divided by 11.
5
What is the remainder when 7604 is divided by 117?
116
Calculate the remainder when 4590 is divided by 219.
210
Calculate the remainder when 2888 is divided by 24.
8
Calculate the remainder when 94 is divided by 45.
4
What is the remainder when 441 is divided by 41?
31
What is the remainder when 99 is divided by 25?
24
Calculate the remainder when 91639 is divided by 290.
289
What is the remainder when 2663 is divided by 24?
23
Calculate the remainder when 2637 is divided by 9.
0
Calculate the remainder when 3892 is divided by 33.
31
What is the remainder when 35 is divided by 8?
3
What is the remainder when 3148 is divided by 47?
46
Calculate the remainder when 6627 is divided by 1653.
15
What is the remainder when 532 is divided by 26?
12
What is the remainder when 382 is divided by 195?
187
What is the remainder when 266 is divided by 27?
23
What is the remainder when 291 is divided by 251?
40
What is the remainder when 17 is divided by 8?
1
What is the remainder when 87 is divided by 19?
11
What is the remainder when 127 is divided by 32?
31
Calculate the remainder when 50721 is divided by 14.
13
Calculate the remainder when 313 is divided by 168.
145
What is the remainder when 275 is divided by 56?
51
What is the remainder when 85 is divided by 22?
19
What is the remainder when 1779 is divided by 177?
9
What is the remainder when 5354 is divided by 114?
110
Calculate the remainder when 561 is divided by 559.
2
What is the remainder when 180 is divided by 48?
36
Calculate the remainder when 367 is divided by 77.
59
Calculate the remainder when 370 is divided by 116.
22
What is the remainder when 1412 is divided by 350?
12
Calculate the remainder when 136 is divided by 35.
31
Calculate the remainder when 550 is divided by 111.
106
Calculate the remainder when 950 is divided by 193.
178
What is the remainder when 328 is divided by 33?
31
Calculate the remainder when 414 is divided by 28.
22
Calculate the remainder when 1922 is divided by 471.
38
Calculate the remainder when 13797 is divided by 5.
2
What is the remainder when 1814 is divided by 300?
14
Calculate the remainder when 76 is divided by 22.
10
Calculate the remainder when 1109 is divided by 5.